{"id":19,"date":"2025-04-07T16:49:32","date_gmt":"2025-04-07T14:49:32","guid":{"rendered":"https:\/\/cohentapia.com\/?page_id=19"},"modified":"2025-04-07T16:57:42","modified_gmt":"2025-04-07T14:57:42","slug":"home","status":"publish","type":"page","link":"https:\/\/cohentapia.com\/","title":{"rendered":"Home"},"content":{"rendered":"\n<p>Install\u00e9 au c\u0153ur de Toulouse, le cabinet <strong>COHEN TAPIA<\/strong> vous accompagne avec rigueur, humanit\u00e9 et engagement dans la d\u00e9fense de vos droits.<\/p>\n\n\n\n<p>Dirig\u00e9 par Ma\u00eetre Annie COHEN TAPIA, avocat au barreau de TOULOUSE, le cabinet intervient principalement en <strong>droit des affaires, droit du travail, droit des \u00e9trangers, droit civil et droit de la famille<\/strong>. Fort d\u2019une exp\u00e9rience solide et d\u2019une approche personnalis\u00e9e, le cabinet met un point d\u2019honneur \u00e0 offrir une \u00e9coute attentive \u00e0 chaque client, \u00e0 construire une strat\u00e9gie sur mesure et \u00e0 d\u00e9fendre vos int\u00e9r\u00eats avec d\u00e9termination.<\/p>\n\n\n\n<h3 class=\"wp-block-heading\">Nos engagements :<\/h3>\n\n\n\n<ul class=\"wp-block-list\">\n<li>Une <strong>expertise juridique reconnue<\/strong> dans les domaines sensibles et complexes du droit<\/li>\n\n\n\n<li>Une <strong>approche humaine et disponible<\/strong>, fond\u00e9e sur la confiance et la transparence<\/li>\n\n\n\n<li>Une <strong>r\u00e9activit\u00e9 constante<\/strong> face \u00e0 l\u2019urgence de certaines situations (OQTF, garde \u00e0 vue, r\u00e9f\u00e9r\u00e9s, etc.)<\/li>\n\n\n\n<li>Un <strong>accompagnement complet<\/strong>, que ce soit en conseil, en contentieux ou en proc\u00e9dure d\u2019urgence<\/li>\n<\/ul>\n\n\n\n<p>Vous trouverez sur ce site toutes les informations n\u00e9cessaires pour <strong>prendre contact<\/strong>, <strong>consulter nos domaines d\u2019intervention<\/strong>, et <strong>demander un rendez-vous<\/strong>.<\/p>\n\n\n\n<figure class=\"wp-block-gallery has-nested-images columns-default is-cropped wp-block-gallery-1 is-layout-flex wp-block-gallery-is-layout-flex\">\n<figure class=\"wp-block-image size-large is-style-default\"><img loading=\"lazy\" decoding=\"async\" width=\"827\" height=\"829\" data-id=\"40\" src=\"https:\/\/cohentapia.com\/wp-content\/uploads\/2025\/04\/IMG_1493.jpg\" alt=\"\" class=\"wp-image-40\" srcset=\"https:\/\/cohentapia.com\/wp-content\/uploads\/2025\/04\/IMG_1493.jpg 827w, https:\/\/cohentapia.com\/wp-content\/uploads\/2025\/04\/IMG_1493-300x300.jpg 300w, https:\/\/cohentapia.com\/wp-content\/uploads\/2025\/04\/IMG_1493-150x150.jpg 150w, https:\/\/cohentapia.com\/wp-content\/uploads\/2025\/04\/IMG_1493-768x770.jpg 768w, https:\/\/cohentapia.com\/wp-content\/uploads\/2025\/04\/IMG_1493-100x100.jpg 100w\" sizes=\"auto, (max-width: 767px) 89vw, (max-width: 1000px) 54vw, (max-width: 1071px) 543px, 580px\" \/><\/figure>\n<\/figure>\n","protected":false},"excerpt":{"rendered":"<p>Install\u00e9 au c\u0153ur de Toulouse, le cabinet COHEN TAPIA vous accompagne avec rigueur, humanit\u00e9 et engagement dans la d\u00e9fense de vos droits. Dirig\u00e9 par Ma\u00eetre Annie COHEN TAPIA, avocat au barreau de TOULOUSE, le cabinet intervient principalement en droit des affaires, droit du travail, droit des \u00e9trangers, droit civil et droit de la famille. Fort &hellip; <\/p>\n<p class=\"link-more\"><a href=\"https:\/\/cohentapia.com\/\" class=\"more-link\">Continuer la lecture<span class=\"screen-reader-text\"> de &laquo;&nbsp;Home&nbsp;&raquo;<\/span><\/a><\/p>\n","protected":false},"author":1,"featured_media":0,"parent":0,"menu_order":0,"comment_status":"closed","ping_status":"closed","template":"","meta":{"footnotes":""},"class_list":["post-19","page","type-page","status-publish","hentry"],"_links":{"self":[{"href":"https:\/\/cohentapia.com\/index.php?rest_route=\/wp\/v2\/pages\/19","targetHints":{"allow":["GET"]}}],"collection":[{"href":"https:\/\/cohentapia.com\/index.php?rest_route=\/wp\/v2\/pages"}],"about":[{"href":"https:\/\/cohentapia.com\/index.php?rest_route=\/wp\/v2\/types\/page"}],"author":[{"embeddable":true,"href":"https:\/\/cohentapia.com\/index.php?rest_route=\/wp\/v2\/users\/1"}],"replies":[{"embeddable":true,"href":"https:\/\/cohentapia.com\/index.php?rest_route=%2Fwp%2Fv2%2Fcomments&post=19"}],"version-history":[{"count":3,"href":"https:\/\/cohentapia.com\/index.php?rest_route=\/wp\/v2\/pages\/19\/revisions"}],"predecessor-version":[{"id":44,"href":"https:\/\/cohentapia.com\/index.php?rest_route=\/wp\/v2\/pages\/19\/revisions\/44"}],"wp:attachment":[{"href":"https:\/\/cohentapia.com\/index.php?rest_route=%2Fwp%2Fv2%2Fmedia&parent=19"}],"curies":[{"name":"wp","href":"https:\/\/api.w.org\/{rel}","templated":true}]}}